 is divided by b(-9)?
0
Suppose -2*h - 315 = -3*g, -4*g + h + 135 + 290 = 0. What is the remainder when g is divided by 52?
3
Suppose 2*m - 118 = 6*z, -3*z - 282 = -3*m - 87. Calculate the remainder when m is divided by 8.
4
Suppose 0 = 13*h + 25 - 805. Calculate the remainder when 298 is divided by h.
58
Calculate the remainder when -3*10/45*-39 is divided by 8/(-44) + (-96)/(-44) - -9.
4
Let z(a) = -a**2 - 2*a - 1. Let j be z(-2). Let u = 17 + -2. Calculate the remainder when (9/(-4))/(j/12) is divided by u.
12
Let n = 79 + -73. What is the remainder when 89 is divided by n?
5
Suppose 0 = -27*m + 26*m + 4. Suppose -m*h = 4*h - 136. Calculate the remainder when 2/(-2 + (-132)/(-65)) is divided by h.
14
Suppose 34*c = -84*c + 4602. Calculate the remainder when 778 is divided by c.
37
Let w = -601 - -622. What is the remainder when w is divided by 4?
1
Calculate the remainder when (4/(-6))/((-32312)/(-10776) - 3) is divided by 11.
9
Let w(s) = -5*s + 4. Let z be w(-7). Suppose 360*m - 224 = 332*m. Calculate the remainder when z*2/3 - -2 is divided by m.
4
Suppose 0 = 5*n + 1 - 21. Suppose 0 = 3*l - n*p - 59, -3*l + 6*l - p = 44. What is the remainder when l is divided by 5?
3
Suppose 1651 = -5*x + 1711. Let u = 55 - -87. What is the remainder when u is divided by x?
10
Let t = -1 + 88. What is the remainder when t is divided by 10?
7
Suppose 2*k - 25 = -163. Let t = 102 + k. What is the remainder when 128 is divided by t?
29
Suppose -12*i = -11*i + 6. Let h = i - -10. Calculate the remainder when 9 is divided by h.
1
Let x(p) = 4*p - 50. Suppose 0 = 3*y - y - 30. What is the remainder when 28 is divided by x(y)?
8
Suppose 12 = 4*v - 4*b, -5*v = -0*b + b - 9. Suppose 5*o - o - v*l - 118 = 0, -3*o + 83 = 4*l. Calculate the remainder when o is divided by 10.
9
Let u = -448 - -471. What is the remainder when 597 is divided by u?
22
Suppose 199 = 14*k - 263. What is the remainder when k is divided by 23?
10
Suppose s + 202 - 218 = 0. What is the remainder when 63 is divided by s?
15
Let d(k) = 11*k - 5. Let c be d(8). Suppose 2*r - 7*r - 5*m + 355 = 0, 0 = -r + 2*m + c. What is the remainder when r is divided by 19?
18
Suppose -v - 5*n = -15, 5*v + 4*n - 8*n = 17. Suppose w - 4*h = -0*h + 7, 3*w = -2*h + 7. Suppose v = w*t - 16. What is the remainder when 18 is divided by t?
4
Calculate the remainder when (13 + -1)/(-6) + 3 + 47 is divided by 10.
8
Let t be -2 + -1 + (-9 - -37). Suppose 2*q - t = 57. Let g = 14 - 3. Calculate the remainder when q is divided by g.
8
Let m = -138 - -194. Let h = m - 36. Let o(u) = -u**2 - 30*u - 66. What is the remainder when o(-26) is divided by h?
18
Let m(l) be the third derivative of -l**4/6 - 3*l**3/2 - 6*l**2. Suppose -2*r + 60 - 10 = 0. What is the remainder when r is divided by m(-4)?
4
Let b(v) = -v**3 + 10*v**2 + 17*v - 15. Suppose -6*z = -174 - 90. Suppose -i + z = 3*i. What is the remainder when b(i) is divided by 18?
15
Calculate the remainder when 107/(3*(-2 + 7/3)) is divided by 40.
27
Let t(o) = o**2 - 4*o - 22. Let f(s) = s**2 - 2*s - 4. Let w be f(5). What is the remainder when t(w) is divided by 28?
27
Let w(h) = 5*h**2 + 8*h. Let t(q) = q**2 + 1. Let y(s) = -4*t(s) + w(s). What is the remainder when (6/9)/(4/54) is divided by y(-9)?
4
Let n(q) = -4*q - 36 + 32 + 6*q. Calculate the remainder when n(9) is divided by 14.
0
Suppose 22*s + 140 = 32*s. Calculate the remainder when 54 is divided by s.
12
Let r(h) = -4*h + 16 - 4 + 3*h. Let a = -236 - -231. Calculate the remainder when 66 is divided by r(a).
15
Suppose -5*i + 105 = -5*u, -2*u = 2*i + 3*i - 91. Calculate the remainder when i is divided by ((-21)/14)/((-21)/140).
9
Let s = 7 + -4. Suppose s*o = -2*d + 46, -5*o + 6*d - 3*d + 64 = 0. What is the remainder when 109 is divided by o?
11
Let l = 42 + -32. Calculate the remainder when 62 is divided by 162/l + (-2)/10.
14
Let h = -135 - -161. Calculate the remainder when h is divided by 9.
8
Suppose 2 = 2*x, 3*d - 3*x - 18 = 2*d. Suppose 0 = -4*h + 4*n, 7*n - 28 = -2*h + 2*n. Calculate the remainder when h*9 - (1 - 4) is divided by d.
18
Let t be 56/(-16) - (-2)/4. Calculate the remainder when (213/(-12))/(2/(-8)) is divided by 2/t*-24 - -2.
17
Let m(b) = -2*b + 45. Let y be m(9). Suppose y*w + 44 = 29*w. Calculate the remainder when w is divided by 5.
2
Let g(u) be the third derivative of -u**6/120 - 2*u**5/15 + u**4/6 - 4*u**3/3 + 2*u**2. Calculate the remainder when 145 is divided by g(-9).
34
Suppose 125 = -5*r + 790. Let s be 264/60 - (-3)/((-30)/4). Suppose s*n + 2*d = -2*d + 124, 0 = n + 2*d - 28. Calculate the remainder when r is divided by n.
31
Let t(v) = v**2 + 1. Let j(b) = -3*b**2 + 20*b - 13. Let l(o) = -j(o) - 2*t(o). What is the remainder when l(21) is divided by 11?
10
Let d(s) = 90*s**2 - 2*s + 2. Let m be d(1). Suppose -4*f + 14 + m = 0. Calculate the remainder when f is divided by 16.
10
Suppose -i + 3 + 20 = 3*h, -i = h - 21. Let n = 673 + -619. What is the remainder when n is divided by i?
14
Let v = -34 + 56. What is the remainder when v is divided by (14 + -8)/((-7)/((-21)/6))?
1
Let j be ((-12)/5)/(54/(-360)). Let x = 14 + j. Calculate the remainder when 119 is divided by x.
29
Suppose -s = 4*r - 28, 0 = -4*s + 2*r + r + 131. Calculate the remainder when 254 is divided by s.
30
Calculate the remainder when 33 is divided by ((-273)/7)/(-3) + 6 + -2.
16
Suppose 2*h + 39 = 6*h + 5*a, -a - 12 = -h. Calculate the remainder when h is divided by 10.
1
Let m(h) = -2*h**2 - 50*h + 89. Calculate the remainder when m(0) is divided by 28.
5
Suppose 2*s + 4*f = 44 - 10, 4*s - 108 = 2*f. Calculate the remainder when 113 is divided by s.
13
Suppose 2144 = 264*g - 256*g. What is the remainder when g is divided by 45?
43
Let r(j) = -3*j - 6. Let c be r(-4). What is the remainder when c + 4 + -7 - -17 is divided by 7?
6
Suppose -2*n = 4, 18 + 4 = 4*m + 5*n. Let k(w) = 13*w. Calculate the remainder when k(3) is divided by m.
7
Let x = 17 + -14. Suppose 0 = -k - 4*s - 10, -3 = -x*k - s + 22. Let l = 34 + 15. What is the remainder when l is divided by k?
9
Let h = -3 - -15. Suppose -3*a + 12 = -a - d, h = -a + 5*d. Calculate the remainder when a is divided by 4.
0
Let g(x) = x + 8. Suppose -5*z = -4*z - 2. Let a(m) = -m**2 - 2*m + 4. Let s be a(z). What is the remainder when g(s) is divided by 1?
0
Let k(t) = 4*t + 61. Calculate the remainder when 28 is divided by k(-14).
3
Suppose -3*y = -229 - 305. Calculate the remainder when y is divided by 36.
34
Suppose -906 = r - 953. Calculate the remainder when (2*5)/(1/14) is divided by r.
46
Let y(o) = -o**2 - 7*o + 3. Let f be y(-7). Let p(g) = 3*g**3 - 3*g**2 - g - 2. Calculate the remainder when p(f) is divided by 17.
15
Suppose 2*u = -0*u - 22. Let b(f) = -f**2 - 15*f - 8. What is the remainder when 107 is divided by b(u)?
35
Let c be ((-9)/6 - (-2)/4)*0. Suppose c*r = -r + 13. What is the remainder when 33 is divided by r?
7
Let h(n) = -n**3 - 23*n**2 - 22*n + 97. Calculate the remainder when h(-22) is divided by 11.
9
Let c be -3 - (-2 + (-3 - -17)). Let i = 15 + c. What is the remainder when 25*(1 + i/(-4)) is divided by 14?
11
Suppose -302*q = -294*q - 40. What is the remainder when 32 is divided by q?
2
Suppose 0 = 2*q + 8, 0*q = -3*t - 2*q + 3250. Let l = t - 736. Suppose -5*j + l = 5*d, -6*j + 2*j + 298 = -5*d. What is the remainder when j is divided by 25?
22
Suppose 801 = 2*i - 5*x - 246, i - 523 = 3*x. Calculate the remainder when i is divided by 22.
20
Suppose -9 = r - 4*r. Suppose -r*x + 260 = x. Let w = 100 - x. Calculate the remainder when w is divided by 12.
11
Let u(t) = t**3 - 8*t**2 + 4*t - 7. Suppose 90 = 3*k - 3*f, 2*k - 3*k - 4*f = -10. Suppose 8 - k = -2*n. What is the remainder when u(8) is divided by n?
7
Let z be 9/(-2)*(112/(-24) + 2). Let o(u) = u**2 - 5*u - 20. Let p(q) = -q**2 - 9*q - 3. What is the remainder when o(z) is divided by p(-4)?
13
Let o(w) = -5*w + 22 - w + 4*w. What is the remainder when 65 is divided by o(0)?
21
Let d(m) = m**2 + 4*m + 58. What is the remainder when d(10) is divided by 16?
6
Suppose -4*h = -132 - 60. Calculate the remainder when h is divided by 17.
14
Suppose 0 = -v - 19 - 30. Let q = -30 - v. What is the remainder when 54 is divided by q?
16
Let t = 52 + -34. Calculate the remainder